2?
-223
In base 9, what is -4 - 52?
-56
In base 13, what is -5 - -17c5?
17c0
In base 6, what is -12 - 140?
-152
In base 4, what is -31 - -232?
201
In base 3, what is 102 + -121110?
-121001
In base 11, what is 31 - -302?
333
In base 5, what is -1 - -12?
11
In base 5, what is 22 + 143?
220
In base 7, what is -12003 + 4?
-11666
In base 11, what is 1a50 + 0?
1a50
In base 2, what is -1001 - 110011111001?
-110100000010
In base 8, what is 1 - 4?
-3
In base 8, what is 5 - -4207?
4214
In base 10, what is -3 - 110?
-113
In base 6, what is -3 + -433?
-440
In base 3, what is 10 - 220?
-210
In base 3, what is -101122111 + -12?
-101122200
In base 16, what is -16 + 10e?
f8
In base 6, what is -3 + 2245?
2242
In base 9, what is -5 + -76?
-82
In base 14, what is 5 - -a?
11
In base 14, what is 5c5 - -2?
5c7
In base 3, what is -12 - -21210?
21121
In base 12, what is 1 + 49?
4a
In base 12, what is -b + -12?
-21
In base 10, what is 902 + -5?
897
In base 12, what is 1779 + 2?
177b
In base 3, what is -2 + 1121?
1112
In base 11, what is -69a7 - -4?
-69a3
In base 14, what is 4 - 41?
-3b
In base 16, what is -fc - -7?
-f5
In base 3, what is 12120 + 10?
12200
In base 11, what is 3300 - -1?
3301
In base 12, what is 9 + 9?
16
In base 3, what is 11 - 2012220?
-2012202
In base 10, what is -10301 - -1?
-10300
In base 4, what is 3 - 13120?
-13111
In base 7, what is -5 - 333?
-341
In base 11, what is -2 - 493?
-495
In base 7, what is 4 + 36?
43
In base 13, what is 3a - -5?
42
In base 15, what is 2 + -e8?
-e6
In base 3, what is 101 - 102212?
-102111
In base 5, what is -4412 - -4?
-4403
In base 2, what is -1010110101110 - -100?
-1010110101010
In base 11, what is -a - 9?
-18
In base 5, what is -43300 + 2?
-43243
In base 6, what is -22212 - -2?
-22210
In base 15, what is -62 + 4e?
-13
In base 6, what is 1420 + -5?
1411
In base 9, what is -3 - 13?
-16
In base 10, what is -5 - 2?
-7
In base 5, what is 3 + 10310?
10313
In base 15, what is 93 + 3?
96
In base 11, what is 248 + 0?
248
In base 8, what is -5 + -3223?
-3230
In base 10, what is 1 + -988?
-987
In base 10, what is 3 + -5?
-2
In base 6, what is -10 + 215?
205
In base 13, what is -6 - -201?
1c8
In base 7, what is -2 - -115?
113
In base 9, what is 0 + -104?
-104
In base 10, what is 4 - 2748?
-2744
In base 9, what is -224 + -4?
-228
In base 5, what is -2040223 - -3?
-2040220
In base 11, what is -26 + 0?
-26
In base 7, what is 1 - -6520?
6521
In base 9, what is 5 + 216?
222
In base 3, what is 2001 + -11220?
-2212
In base 8, what is -14 - 666?
-702
In base 5, what is 10 - -1240?
1300
In base 16, what is -6 - 1?
-7
In base 9, what is 1 - -278?
280
In base 15, what is -3d + 5?
-38
In base 10, what is -5 - -44?
39
In base 6, what is -4133 - -5?
-4124
In base 8, what is 317 + 20?
337
In base 4, what is -3 + 121?
112
In base 4, what is 112 + 33023?
33201
In base 4, what is -112 - 12?
-130
In base 9, what is 385 - -4?
400
In base 16, what is 6 + -24?
-1e
In base 6, what is 0 - -21?
21
In base 6, what is 103104 + 4?
103112
In base 4, what is -3 + 31100?
31031
In base 2, what is -10100 + 1101?
-111
In base 3, what is -1000000012 + -1?
-1000000020
In base 13, what is -3 - 31?
-34
In base 12, what is -42 - -12?
-30
In base 4, what is 332331 + -2?
332323
In base 3, what is 2121 - 111?
2010
In base 8, what is -3600 - -2?
-3576
In base 16, what is -4 + 82?
7e
In base 14, what is 0 + -c50?
-c50
In base 14, what is d5 - -3d?
134
In base 11, what is -5 + 379?
374
In base 9, what is 11362 + -5?
11356
In base 12, what is 0 + 0?
0
In base 5, what is 242 - -3?
300
In base 4, what is 0 - 31000?
-31000
In base 4, what is 31002 + -1?
31001
In base 5, what is -213 + -1?
-214
In base 15, what is c88 - 1?
c87
In base 10, what is 5 - -155?
160
In base 10, what is -246 + 1?
-245
In base 3, what is 221 - 20121?
-12200
In base 6, what is -23 + 1253?
1230
In base 9, what is -248 + -5?
-254
In base 6, what is -5 - 452?
-501
In base 16, what is 3b - 0?
3b
In base 3, what is 12 + 11212011?
11212100
In base 8, what is -2 - -31?
27
In base 10, what is -4 - 156?
-160
In base 12, what is -4 + 400?
3b8
In base 16, what is -29 + -23?
-4c
In base 15, what is -b - 18?
-24
In base 9, what is 621 - -1?
622
In base 6, what is 2 - 11?
-5
In base 15, what is -1 - -44?
43
In base 4, what is 2102 - 11?
2031
In base 7, what is -114 + 22?
-62
In base 5, what is -2 - -2340?
2333
In base 9, what is 2 - -12115?
12117
In base 15, what is -13a + 1?
-139
In base 9, what is 2547 + 2?
2550
In base 14, what is 1 + -55b?
-55a
In base 4, what is -1 + 101?
100
In base 12, what is -2 - 2a?
-30
In base 2, what is 100 + -11011101?
-11011001
In base 11, what is 37 + 5?
41
In base 13, what is 3 - 21?
-1b
In base 10, what is -411 + -5?
-416
In base 3, what is 21 - 20121?
-20100
In base 9, what is 1 - 81?
-80
In base 8, what is 2527 + 13?
2542
In base 11, what is -1 - -125a?
1259
In base 9, what is -141 + -5?
-146
In base 16, what is 2 + -a4d?
-a4b
In base 10, what is 3 + 712?
715
In base 11, what is -1141 + 0?
-1141
In base 11, what is 50 - -1?
51
In base 2, what is -11001 + -10101001000?
-10101100001
In base 5, what is 3 + -302?
-244
In base 16, what is -17 - 6c?
-83
In base 14, what is 6dd - -2?
701
In base 9, what is -3 + 80?
76
In base 14, what is 1d4 - -2?
1d6
In base 5, what is 1042 - 0?
1042
In base 7, what is -2 + 1012?
1010
In base 7, what is 366 + 5?
404
In base 3, what is 211200 + 20?
211220
In base 6, what is -21 + -1122?
-1143
In base 11, what is 4 - 331?
-328
In base 3, what is 10 + 2?
12
In base 14, what is -2 + ac?
aa
In base 15, what is -50 - -1?
-4e
In base 15, what is 3 - eb1?
-ead
In base 12, what is -135 - 46?
-17b
In base 11, what is 155 - 4?
151
In base 2, what is 10 - -11010?
11100
In base 4, what is -1 - -1121312?
1121311
In base 6, what is 1 + -25?
-24
In base 14, what is 2 + -397?
-395
In base 12, what is 14 + -5?
b
In base 4, what is 2 + 1?
3
In base 5, what is -2230 + -4?
-2234
In base 6, what is -10031 + 1?
-10030
In base 16, what is 6 + 32?
38
In base 6, what is 251 + 1?
252
In base 16, what is -1 + -25?
-26
In base 5, what is 2 + -124?
-122
In base 3, what is 102101210 - 11?
102101122
In base 7, what is 444 - 2?
442
In base 8, what is -17225 - -4?
-17221
In base 12, what is 175 - 8?
169
In base 8, what is 3 + 221?
224
In base 3, what is 22 + 101220?
102012
In base 11, what is 0 - 51?
-51
In base 13, what is -5 + c?
7
In base 9, what is -1 + 30?
28
In base 14, what is 1b4 + 28?
1dc
In base 11, what is 8 - 2?
6
In base 15, what is -13 + -3?
-16
In base 12, what is -35 + -2?
-37
In base 14, what is 76 + 1?
77
In base 3, what is -2 - -2012121?
2012112
In base 12, what is 369 + -2?
367
In base 13, what is -4c + 7?
-45
In base 13, what is -1 - -85?
84
In base 8, what is -1276 + -1?
-1277
In base 8, what is 12 + -1252?
-1240
In base 15, what is 2 + 89?
8b
In base 12, what is 1 + -695?
-694
In base 7, what is -53626 + -3?
-53632
In base 14, what is 40 + -5?
39
In base 6, what is 0 + -22?
-22
In base 16, what is f + -2?
d
In base 4, what is -1 - -10020?
10013
In base 11, what is -320 + 0?
-320
In base 7, what is 51 + 34?
115
In base 2, what is 110100 + 11?
110111
In base 10, what is -1 - -4229?
4228
In base 2, what is 0 + 111110000?
111110000
In base 11, what is -a12 - 2?
-a14
In base 9, what is -3 - 147?
-151
In base 3, what is -12 + -220?
-1002
In base 12, what is -86 - -2?
-84
In base 14, what is -3 - -5?
2
In base 3, what is -2211210 + -12?
-2211222
In base 3, what is -1021 + -220?
-2011
In base 10, what is 114 - -1?
115
In base 7, what is 0 - 121?
-121
In base 2, what is 1000 - -101?
1101
In base 4, what is -1033020 + 0?
-1033020
In base 3, what is 0 + 10020?
10020
In base 3, what is 10 - 1000?
-220
In base 12, what is 4 - 324?
-320
In base 13, what is -6 - -3?
-3
In base 10, what is 5 - -248?
253
In base 5, what is -2 + 223414?
223412
In base 15, what is 15c - 2e?
12d
In base 9, what is -114 + -18?
-133
In base 6, what is 2330 + 1?
2331
In base 16, what is 1 + 3e9?
3ea
In base 14, what is 35a1 + 4?
35a5
In base 6, what is 20 - -11053?
11113
In base 2, what is 0 - 1011101?
-1011101
In base 4, what is -30 + -3103?
-3133
In base 9, what is 422 - 8?
413
In base 14, what is 0 - 60?
-60
In base 4, what is -120 - -1?
-113
In base 9, what is -4 + -182?
-186
In base 11, what i